[INFO] cloning repository https://github.com/Kim-Dewelski/acorn-os-kernel-OLD-
[INFO] running `Command { std: "git" "-c" "credential.helper=" "-c" "credential.helper=/workspace/cargo-home/bin/git-credential-null" "clone" "--bare" "https://github.com/Kim-Dewelski/acorn-os-kernel-OLD-" "/workspace/cache/git-repos/https%3A%2F%2Fgithub.com%2FKim-Dewelski%2Facorn-os-kernel-OLD-", kill_on_drop: false }`
[INFO] [stderr] Cloning into bare repository '/workspace/cache/git-repos/https%3A%2F%2Fgithub.com%2FKim-Dewelski%2Facorn-os-kernel-OLD-'...
[INFO] running `Command { std: "git" "rev-parse" "HEAD", kill_on_drop: false }`
[INFO] [stdout] 59ff89813415342c31a9f3869ca0c1a7fe9212ed
[INFO] checking Kim-Dewelski/acorn-os-kernel-OLD- against master#9610dfe5a9a731ced1ea4923ecbd0c57fe367898 for beta-170-4
[INFO] running `Command { std: "git" "clone" "/workspace/cache/git-repos/https%3A%2F%2Fgithub.com%2FKim-Dewelski%2Facorn-os-kernel-OLD-" "/workspace/builds/worker-7-tc1/source", kill_on_drop: false }`
[INFO] [stderr] Cloning into '/workspace/builds/worker-7-tc1/source'...
[INFO] [stderr] done.
[INFO] validating manifest of git repo https://github.com/Kim-Dewelski/acorn-os-kernel-OLD- on toolchain 9610dfe5a9a731ced1ea4923ecbd0c57fe367898
[INFO] running `Command { std: CARGO_HOME="/workspace/cargo-home" RUSTUP_HOME="/workspace/rustup-home" "/workspace/cargo-home/bin/cargo" "+9610dfe5a9a731ced1ea4923ecbd0c57fe367898" "metadata" "--manifest-path" "Cargo.toml" "--no-deps", kill_on_drop: false }`
[INFO] removed /workspace/builds/worker-7-tc1/source/.cargo/config.toml
[INFO] started tweaking git repo https://github.com/Kim-Dewelski/acorn-os-kernel-OLD-
[INFO] finished tweaking git repo https://github.com/Kim-Dewelski/acorn-os-kernel-OLD-
[INFO] tweaked toml for git repo https://github.com/Kim-Dewelski/acorn-os-kernel-OLD- written to /workspace/builds/worker-7-tc1/source/Cargo.toml
[INFO] crate git repo https://github.com/Kim-Dewelski/acorn-os-kernel-OLD- already has a lockfile, it will not be regenerated
[INFO] running `Command { std: CARGO_HOME="/workspace/cargo-home" RUSTUP_HOME="/workspace/rustup-home" "/workspace/cargo-home/bin/cargo" "+9610dfe5a9a731ced1ea4923ecbd0c57fe367898" "fetch" "--manifest-path" "Cargo.toml", kill_on_drop: false }`
[INFO] running `Command { std: "docker" "create" "-v" "/var/lib/crater-agent-workspace/builds/worker-7-tc1/target:/opt/rustwide/target:rw,Z" "-v" "/var/lib/crater-agent-workspace/builds/worker-7-tc1/source:/opt/rustwide/workdir:ro,Z" "-v" "/var/lib/crater-agent-workspace/cargo-home:/opt/rustwide/cargo-home:ro,Z" "-v" "/var/lib/crater-agent-workspace/rustup-home:/opt/rustwide/rustup-home:ro,Z" "-e" "SOURCE_DIR=/opt/rustwide/workdir" "-e" "CARGO_TARGET_DIR=/opt/rustwide/target" "-e" "CARGO_HOME=/opt/rustwide/cargo-home" "-e" "RUSTUP_HOME=/opt/rustwide/rustup-home" "-w" "/opt/rustwide/workdir" "-m" "1610612736" "--user" "0:0" "--network" "none" "ghcr.io/rust-lang/crates-build-env/linux@sha256:19e73879b68f455e41552ea35293514db52ea292d993f571636dbffedb77a1ee" "/opt/rustwide/cargo-home/bin/cargo" "+9610dfe5a9a731ced1ea4923ecbd0c57fe367898" "metadata" "--no-deps" "--format-version=1", kill_on_drop: false }`
[INFO] [stdout] b5b5a3325aea6ea071f369c02a7f63da3d1f1bc59953ebda4caec6a1c3d18ef8
[INFO] running `Command { std: "docker" "start" "-a" "b5b5a3325aea6ea071f369c02a7f63da3d1f1bc59953ebda4caec6a1c3d18ef8", kill_on_drop: false }`
[INFO] running `Command { std: "docker" "inspect" "b5b5a3325aea6ea071f369c02a7f63da3d1f1bc59953ebda4caec6a1c3d18ef8", kill_on_drop: false }`
[INFO] running `Command { std: "docker" "rm" "-f" "b5b5a3325aea6ea071f369c02a7f63da3d1f1bc59953ebda4caec6a1c3d18ef8", kill_on_drop: false }`
[INFO] [stdout] b5b5a3325aea6ea071f369c02a7f63da3d1f1bc59953ebda4caec6a1c3d18ef8
[INFO] running `Command { std: "docker" "create" "-v" "/var/lib/crater-agent-workspace/builds/worker-7-tc1/target:/opt/rustwide/target:rw,Z" "-v" "/var/lib/crater-agent-workspace/builds/worker-7-tc1/source:/opt/rustwide/workdir:ro,Z" "-v" "/var/lib/crater-agent-workspace/cargo-home:/opt/rustwide/cargo-home:ro,Z" "-v" "/var/lib/crater-agent-workspace/rustup-home:/opt/rustwide/rustup-home:ro,Z" "-e" "SOURCE_DIR=/opt/rustwide/workdir" "-e" "CARGO_TARGET_DIR=/opt/rustwide/target" "-e" "CARGO_INCREMENTAL=0" "-e" "RUST_BACKTRACE=full" "-e" "RUSTFLAGS=--cap-lints=forbid" "-e" "RUSTDOCFLAGS=--cap-lints=forbid" "-e" "CARGO_HOME=/opt/rustwide/cargo-home" "-e" "RUSTUP_HOME=/opt/rustwide/rustup-home" "-w" "/opt/rustwide/workdir" "-m" "1610612736" "--user" "0:0" "--network" "none" "ghcr.io/rust-lang/crates-build-env/linux@sha256:19e73879b68f455e41552ea35293514db52ea292d993f571636dbffedb77a1ee" "/opt/rustwide/cargo-home/bin/cargo" "+9610dfe5a9a731ced1ea4923ecbd0c57fe367898" "check" "--frozen" "--all" "--all-targets" "--message-format=json", kill_on_drop: false }`
[INFO] [stdout] 5b830644758439f141dcf21c4626c1852f591b581d5eff4ac97607f19cf49413
[INFO] running `Command { std: "docker" "start" "-a" "5b830644758439f141dcf21c4626c1852f591b581d5eff4ac97607f19cf49413", kill_on_drop: false }`
[INFO] [stderr]    Compiling proc-macro2 v1.0.44
[INFO] [stderr]    Compiling syn v1.0.101
[INFO] [stderr]    Compiling unicode-ident v1.0.4
[INFO] [stderr]    Compiling kernel v0.1.0 (/opt/rustwide/workdir)
[INFO] [stderr]     Checking lazy_static v1.4.0
[INFO] [stderr]     Checking spin v0.9.4
[INFO] [stderr]     Checking quote v1.0.21
[INFO] [stderr]     Checking proc-macros-platform v0.1.0 (/opt/rustwide/workdir/platform/proc-macros)
[INFO] [stderr]     Checking proc_macros_arch v0.1.0 (/opt/rustwide/workdir/arch/proc-macros)
[INFO] [stderr]     Checking proc-macros-drivers v0.1.0 (/opt/rustwide/workdir/drivers/proc-macros)
[INFO] [stderr]     Checking proc-macros-hal v0.1.0 (/opt/rustwide/workdir/hal/proc-macros)
[INFO] [stderr]     Checking proc_macros_util v0.1.0 (/opt/rustwide/workdir/util/proc-macros)
[INFO] [stderr]     Checking util v0.1.0 (/opt/rustwide/workdir/util)
[INFO] [stdout] warning: the feature `bench_black_box` has been stable since 1.66.0 and no longer requires an attribute to enable
[INFO] [stdout]  --> util/src/lib.rs:2:12
[INFO] [stdout]   |
[INFO] [stdout] 2 | #![feature(bench_black_box)]
[INFO] [stdout]   |            ^^^^^^^^^^^^^^^
[INFO] [stdout]   |
[INFO] [stdout]   = note: `#[warn(stable_features)]` on by default
[INFO] [stdout] 
[INFO] [stdout] 
[INFO] [stdout] warning: the feature `bench_black_box` has been stable since 1.66.0 and no longer requires an attribute to enable
[INFO] [stdout]  --> util/src/lib.rs:2:12
[INFO] [stdout]   |
[INFO] [stdout] 2 | #![feature(bench_black_box)]
[INFO] [stdout]   |            ^^^^^^^^^^^^^^^
[INFO] [stdout]   |
[INFO] [stdout]   = note: `#[warn(stable_features)]` on by default
[INFO] [stdout] 
[INFO] [stdout] 
[INFO] [stdout] warning: 1 warning emitted
[INFO] [stdout] 
[INFO] [stdout] 
[INFO] [stdout] warning: 1 warning emitted
[INFO] [stdout] 
[INFO] [stdout] 
[INFO] [stderr]     Checking arch v0.1.0 (/opt/rustwide/workdir/arch)
[INFO] [stderr]     Checking hal v0.1.0 (/opt/rustwide/workdir/hal)
[INFO] [stdout] warning: missing documentation for an extern crate
[INFO] [stdout]  --> arch/src/lib.rs:8:1
[INFO] [stdout]   |
[INFO] [stdout] 8 | pub extern crate proc_macros_arch as proc_macros;
[INFO] [stdout]   | ^^^^^^^^^^^^^^^^^^^^^^^^^^^^^^^^^^^^^^^^^^^^^^^^
[INFO] [stdout]   |
[INFO] [stdout] note: the lint level is defined here
[INFO] [stdout]  --> arch/src/lib.rs:5:9
[INFO] [stdout]   |
[INFO] [stdout] 5 | #![warn(missing_docs)]
[INFO] [stdout]   |         ^^^^^^^^^^^^
[INFO] [stdout] 
[INFO] [stdout] 
[INFO] [stdout] warning: 1 warning emitted
[INFO] [stdout] 
[INFO] [stdout] 
[INFO] [stderr]     Checking hw v0.1.0 (/opt/rustwide/workdir/hw)
[INFO] [stderr]     Checking platform v0.1.0 (/opt/rustwide/workdir/platform)
[INFO] [stdout] warning: variants `PgFault` and `Arch` are never constructed
[INFO] [stdout]  --> platform/src/platforms.rs:4:1
[INFO] [stdout]   |
[INFO] [stdout] 4 | proc_macros::targets!();
[INFO] [stdout]   | ^^^^^^^^^^^^^^^^^^^^^^^ variants in this enum
[INFO] [stdout]   |
[INFO] [stdout]   = note: `#[warn(dead_code)]` on by default
[INFO] [stdout]   = note: this warning originates in the macro `handlers` (in Nightly builds, run with -Z macro-backtrace for more info)
[INFO] [stdout] 
[INFO] [stdout] 
[INFO] [stdout] warning: variants `Kbd` and `Arch` are never constructed
[INFO] [stdout]  --> platform/src/platforms.rs:4:1
[INFO] [stdout]   |
[INFO] [stdout] 4 | proc_macros::targets!();
[INFO] [stdout]   | ^^^^^^^^^^^^^^^^^^^^^^^ variants in this enum
[INFO] [stdout]   |
[INFO] [stdout]   = note: this warning originates in the macro `handlers` (in Nightly builds, run with -Z macro-backtrace for more info)
[INFO] [stdout] 
[INFO] [stdout] 
[INFO] [stdout] warning: variants `PgFault` and `Arch` are never constructed
[INFO] [stdout]  --> platform/src/platforms.rs:4:1
[INFO] [stdout]   |
[INFO] [stdout] 4 | proc_macros::targets!();
[INFO] [stdout]   | ^^^^^^^^^^^^^^^^^^^^^^^ variants in this enum
[INFO] [stdout]   |
[INFO] [stdout]   = note: `#[warn(dead_code)]` on by default
[INFO] [stdout]   = note: this warning originates in the macro `handlers` (in Nightly builds, run with -Z macro-backtrace for more info)
[INFO] [stdout] 
[INFO] [stdout] 
[INFO] [stdout] warning: variants `Kbd` and `Arch` are never constructed
[INFO] [stdout]  --> platform/src/platforms.rs:4:1
[INFO] [stdout]   |
[INFO] [stdout] 4 | proc_macros::targets!();
[INFO] [stdout]   | ^^^^^^^^^^^^^^^^^^^^^^^ variants in this enum
[INFO] [stdout]   |
[INFO] [stdout]   = note: this warning originates in the macro `handlers` (in Nightly builds, run with -Z macro-backtrace for more info)
[INFO] [stdout] 
[INFO] [stdout] 
[INFO] [stdout] warning: missing documentation for a function
[INFO] [stdout]   --> platform/src/utils.rs:21:1
[INFO] [stdout]    |
[INFO] [stdout] 21 | pub fn bind_interrupt() {}
[INFO] [stdout]    | ^^^^^^^^^^^^^^^^^^^^^^^
[INFO] [stdout]    |
[INFO] [stdout] note: the lint level is defined here
[INFO] [stdout]   --> platform/src/lib.rs:6:9
[INFO] [stdout]    |
[INFO] [stdout] 6  | #![warn(missing_docs)]
[INFO] [stdout]    |         ^^^^^^^^^^^^
[INFO] [stdout] 
[INFO] [stdout] 
[INFO] [stdout] warning: 3 warnings emitted
[INFO] [stdout] 
[INFO] [stdout] 
[INFO] [stdout] warning: 2 warnings emitted
[INFO] [stdout] 
[INFO] [stdout] 
[INFO] [stderr]     Checking drivers v0.1.0 (/opt/rustwide/workdir/drivers)
[INFO] [stdout] error[E0433]: failed to resolve: could not find `conf` in `platform`
[INFO] [stdout]   --> src/kernel.rs:29:30
[INFO] [stdout]    |
[INFO] [stdout] 29 |     platform::init(platform::conf::PlatformConfig {
[INFO] [stdout]    |                              ^^^^ could not find `conf` in `platform`
[INFO] [stdout] 
[INFO] [stdout] 
[INFO] [stdout] error[E0433]: failed to resolve: could not find `conf` in `platform`
[INFO] [stdout]   --> src/kernel.rs:30:36
[INFO] [stdout]    |
[INFO] [stdout] 30 |         exception_clbks: platform::conf::ExceptionClbks {
[INFO] [stdout]    |                                    ^^^^ could not find `conf` in `platform`
[INFO] [stdout] 
[INFO] [stdout] 
[INFO] [stdout] error[E0433]: failed to resolve: could not find `conf` in `platform`
[INFO] [stdout]   --> src/kernel.rs:29:30
[INFO] [stdout]    |
[INFO] [stdout] 29 |     platform::init(platform::conf::PlatformConfig {
[INFO] [stdout]    |                              ^^^^ could not find `conf` in `platform`
[INFO] [stdout] 
[INFO] [stdout] 
[INFO] [stdout] error[E0433]: failed to resolve: could not find `conf` in `platform`
[INFO] [stdout]   --> src/kernel.rs:34:37
[INFO] [stdout]    |
[INFO] [stdout] 34 |         interrupts_clbks: platform::conf::InterruptClbks {
[INFO] [stdout]    |                                     ^^^^ could not find `conf` in `platform`
[INFO] [stdout] 
[INFO] [stdout] 
[INFO] [stdout] error[E0433]: failed to resolve: could not find `conf` in `platform`
[INFO] [stdout]   --> src/kernel.rs:30:36
[INFO] [stdout]    |
[INFO] [stdout] 30 |         exception_clbks: platform::conf::ExceptionClbks {
[INFO] [stdout]    |                                    ^^^^ could not find `conf` in `platform`
[INFO] [stdout] 
[INFO] [stdout] 
[INFO] [stdout] error[E0433]: failed to resolve: could not find `conf` in `platform`
[INFO] [stdout]   --> src/kernel.rs:34:37
[INFO] [stdout]    |
[INFO] [stdout] 34 |         interrupts_clbks: platform::conf::InterruptClbks {
[INFO] [stdout]    |                                     ^^^^ could not find `conf` in `platform`
[INFO] [stdout] 
[INFO] [stdout] 
[INFO] [stdout] error: the `#[alloc_error_handler]` in this crate conflicts with allocation error handler in: std
[INFO] [stdout] 
[INFO] [stdout] 
[INFO] [stdout] error: language item required, but not found: `eh_personality`
[INFO] [stdout]   |
[INFO] [stdout]   = note: this can occur when a binary crate with `#![no_std]` is compiled for a target where `eh_personality` is defined in the standard library
[INFO] [stdout]   = help: you may be able to compile for a target that doesn't need `eh_personality`, specify a target with `--target` or in `.cargo/config`
[INFO] [stdout] 
[INFO] [stdout] 
[INFO] [stdout] error[E0152]: found duplicate lang item `panic_impl`
[INFO] [stdout]  --> src/panic.rs:3:1
[INFO] [stdout]   |
[INFO] [stdout] 3 | unsafe fn panic_handler(info: &core::panic::PanicInfo) -> ! {
[INFO] [stdout]   | ^^^^^^^^^^^^^^^^^^^^^^^^^^^^^^^^^^^^^^^^^^^^^^^^^^^^^^^^^^^
[INFO] [stdout]   |
[INFO] [stdout]   = note: the lang item is first defined in crate `std` (which `test` depends on)
[INFO] [stdout]   = note: first definition in `std` loaded from /opt/rustwide/rustup-home/toolchains/9610dfe5a9a731ced1ea4923ecbd0c57fe367898/lib/rustlib/x86_64-unknown-linux-gnu/lib/libstd-a8a9ba95b1228749.rlib
[INFO] [stdout]   = note: second definition in the local crate (`kernel`)
[INFO] [stdout] 
[INFO] [stdout] 
[INFO] [stdout] error: aborting due to 5 previous errors
[INFO] [stdout] 
[INFO] [stdout] 
[INFO] [stdout] Some errors have detailed explanations: E0152, E0433.
[INFO] [stdout] 
[INFO] [stdout] For more information about an error, try `rustc --explain E0152`.
[INFO] [stdout] 
[INFO] [stdout] error: aborting due to 4 previous errors
[INFO] [stdout] 
[INFO] [stdout] 
[INFO] [stdout] For more information about this error, try `rustc --explain E0433`.
[INFO] [stdout] 
[INFO] [stderr] error: could not compile `kernel` (bin "kernel" test) due to 6 previous errors
[INFO] [stderr] warning: build failed, waiting for other jobs to finish...
[INFO] [stderr] error: could not compile `kernel` (bin "kernel") due to 5 previous errors
[INFO] running `Command { std: "docker" "inspect" "5b830644758439f141dcf21c4626c1852f591b581d5eff4ac97607f19cf49413", kill_on_drop: false }`
[INFO] running `Command { std: "docker" "rm" "-f" "5b830644758439f141dcf21c4626c1852f591b581d5eff4ac97607f19cf49413", kill_on_drop: false }`
[INFO] [stdout] 5b830644758439f141dcf21c4626c1852f591b581d5eff4ac97607f19cf49413
